 f*w(j) - 2*y(j). What are the prime factors of q(4)?
2
Let b be (10/(-5))/((-6)/(-3)). Let u(x) = -25*x**3 + x**2 - 2*x - 2. Let m be u(b). Let k = 33 - m. What are the prime factors of k?
7
Let r be 184/30 - (-2)/(-15). Suppose r*y - 166 = 188. Let c = y + -41. List the prime factors of c.
2, 3
Let h = -11769 + 14894. What are the prime factors of h?
5
List the prime factors of (((-27)/(-36))/(9/32))/(18/12042).
2, 223
Suppose -2*n + 18410 = 24*x - 28*x, -4*n + 36845 = -3*x. What are the prime factors of n?
5, 19, 97
Suppose -z - 2*z = -6. Suppose z*r - 704 = -5*y, 4*r - 654 = -5*y + 54. List the prime factors of y.
2, 5, 7
Let n(d) = -d**3 - 16*d**2 + 2*d - 42. Let m be n(-18). What are the prime factors of m - -10 - 4/(-2 + 1)?
2, 73
Let q(h) = 3*h**3 - 45*h**2 - 12*h + 1. Let n(j) = j**3 - j**2 + j - 1. Let b(d) = -6*n(d) + q(d). List the prime factors of b(-13).
241
List the prime factors of (-455)/728 + 122298/16.
7643
Suppose -969 = -0*k - k + 5*g, -2*g = -12. List the prime factors of k.
3, 37
Let s = 6961 + 16034. What are the prime factors of s?
3, 5, 7, 73
Let l be 16*5/10 - 4. Suppose -11 = -3*t + l. Suppose -3*a + y + 145 = t, -y + 4 = 0. What are the prime factors of a?
2, 3
Suppose 0 = 4*v - 81 + 389. What are the prime factors of -4 + (-294)/v - (-464)/11?
2, 3, 7
Let k be (1/(-3))/(23/690). What are the prime factors of (1 + 1 - (11 + k))*762?
2, 3, 127
Let l = 9382 + -5599. List the prime factors of l.
3, 13, 97
Suppose -7*p = c - 4*p - 420, 0 = p + 3. What are the prime factors of c?
3, 11, 13
Let v(d) = 7 + 332820*d**3 - 332996*d**3 - 3*d**2 + 0 + 3*d. List the prime factors of v(-2).
11, 127
Let x(d) = 12*d**3 - 71*d**2 + 53*d. List the prime factors of x(12).
2, 3, 929
Let g = 8 - -179. Suppose g*d - 179*d = 1024. List the prime factors of d.
2
Let o(b) = b**3 - b**2 - 1. Let q be o(2). Let t be (-1)/q + 16/(-24). List the prime factors of (15 - t)/(9/54).
2, 3
Let a(i) = -3 - 2*i + 20*i**2 + 14*i + 9 + 3. Let z be a(-5). Suppose z = 6*w - 127. List the prime factors of w.
2, 3
Let x = -238 - -30963. List the prime factors of x.
5, 1229
Let k = -1538 - -4753. What are the prime factors of k?
5, 643
List the prime factors of 4905/327 + 1063*51.
2, 3, 4519
Let q(j) = 2*j**3 - 9*j**2 + 5*j - 1. Let m be q(4). Suppose m*d - 3805 = -4*k - 1009, k - 699 = -5*d. List the prime factors of k.
3, 233
Let x(o) = -2*o + 9. Let r = 0 + 5. Let y be x(r). What are the prime factors of (-3045)/(-29) + y*(2 + -1)?
2, 13
Let o = 7325 + -4757. What are the prime factors of o?
2, 3, 107
Let v(s) be the third derivative of 1/5*s**5 + s**3 + 1/60*s**6 + 0 - 1/3*s**4 - 6*s**2 + 0*s. List the prime factors of v(-6).
2, 3
Suppose 3*d = 4*g - 38804, 32*g - 29*g - 29128 = -4*d. List the prime factors of g.
2, 1213
Suppose 132*g - 730764 - 1761459 = 3559449. What are the prime factors of g?
2, 3, 283
Let p = 5338 - -2838. List the prime factors of p.
2, 7, 73
Suppose 9*k + 35 = 4*k. Let i(o) = -o - 4. Let t be i(k). List the prime factors of (-9)/t + -52*(-15)/6.
127
Suppose -5*v + 21027 = 7152. List the prime factors of v.
3, 5, 37
List the prime factors of (210/(-25))/((15/(-5850))/(1/1)).
2, 3, 7, 13
Let v = -98040 + 165962. What are the prime factors of v?
2, 33961
Let k(w) = -w**3 + 16*w**2 + 8*w - 16. Let m = 183 + -167. What are the prime factors of k(m)?
2, 7
Let w(s) = -s**2 + 350*s + 928. List the prime factors of w(123).
17, 1697
Let s be 1109/5 - 2/(-10). Let c = s + -164. List the prime factors of c.
2, 29
Let i(u) = u**2 + 19*u - 17. Let t be i(-33). Let a = t - 252. What are the prime factors of a?
193
Let r be 1706 + 9 + -3 + -5. Suppose 2*z - 3*z + 2*s = -331, 5*z = -3*s + r. What are the prime factors of z?
3, 113
Suppose -14*i + 361 = 5*i. Suppose -i*h - 826 + 8806 = 0. List the prime factors of h.
2, 3, 5, 7
Let u be (-39 - -17) + (-2)/(-2). Let c = u + 21. Let j(p) = -2*p**2 - 2*p + 155. List the prime factors of j(c).
5, 31
Let t(a) = -473*a**2 + 3239*a + 4. List the prime factors of t(6).
2, 5, 241
Suppose -4*u - 25 = -3*n + 7, 2*n - 3*u - 22 = 0. Suppose -m + 5*y = n*y - 126, -4*m + 456 = -4*y. Suppose 143 + m = 5*p. What are the prime factors of p?
2, 13
Suppose 90365 = 110*n - 292985. What are the prime factors of n?
5, 17, 41
List the prime factors of ((-87752)/(-14) - -5) + -13.
2, 5, 313
Suppose -l + 4*l - 303 = 0. Let x(s) = -1 + 101*s - 205*s + l*s - 6. What are the prime factors of x(-4)?
5
Suppose -3*t = 3*l + 135, 100 = -2*t - 0*l + 3*l. Let x(z) = 2*z**3 - 3*z**2 + 4*z + 1. Let k be x(-3). Let u = t - k. List the prime factors of u.
3, 5
Suppose 0 = -234*c + 168*c + 886116. What are the prime factors of c?
2, 7, 137
Suppose 14*m + 5*m = -57. List the prime factors of (-740)/m - 2/(-6).
13, 19
Let c = -22470 + 36908. What are the prime factors of c?
2, 7219
Suppose -92*v = -82066 - 18306. What are the prime factors of v?
1091
Suppose 36*c - 10 = 31*c. Suppose -12*a + 9*a - 76 = -c*j, -5*j + 3*a + 181 = 0. What are the prime factors of j?
5, 7
Let r = -196 + 199. Suppose -3255 = r*k - 5*k - q, 3*q = -2*k + 3249. List the prime factors of k.
3, 181
What are the prime factors of ((-78)/4)/((-23)/(-155664)*-8)?
3, 13, 47
Let y be (-1 + 0)/((-10)/810). Suppose 71*r = y*r - 2240. List the prime factors of r.
2, 7
Suppose 5*x + 1 = -4*d, -1 + 5 = 4*d + 4*x. Suppose -d*s + 3*s = 804. Let i = 429 + s. What are the prime factors of i?
7, 23
Let j(u) = u + 1. Let y be j(4). Let a(z) be the second derivative of -z**5/10 + 3*z**4/4 + 2*z**3/3 + 7*z**2/2 + 23*z. List the prime factors of a(y).
2
Let t(x) = -x**3 - 122*x**2 + 188*x + 2100. List the prime factors of t(-126).
2, 3, 7, 499
List the prime factors of (-4)/38 - 61583577/(-6479).
5, 1901
Let u = -2776 + 16125. What are the prime factors of u?
7, 1907
Let t = 110 - 98. Let b be (-7)/3 - -2 - 1148/t. Let u = b + 272. What are the prime factors of u?
2, 11
Let r(z) = 14618*z**3 - 33*z**2 + 32*z - 1. What are the prime factors of r(1)?
2, 3, 7, 29
Let y be (1322*-1)/(-9 + 11). Let w = y + 1069. List the prime factors of w.
2, 3, 17
Suppose 3*d = 9*d - 24. Suppose -4*q + 27 = v, d = -4*v - 0*v. What are the prime factors of q?
7
Let v(z) be the second derivative of 65*z**3 - 145*z**2/2 + 114*z. List the prime factors of v(3).
5, 41
Suppose d = -2*d + 5*f + 25, -2*f + 6 = 2*d. Suppose 5 = -d*p + 6*p. Suppose -2*o + 5*c + 358 = 0, c - 692 = -4*o + p*c. What are the prime factors of o?
13
Suppose -23*f + 104383 + 134035 = 0. List the prime factors of f.
2, 71, 73
Let s = 15818 - 2752. What are the prime factors of s?
2, 47, 139
Suppose 19*n + 143*n + 94*n = 12277760. What are the prime factors of n?
2, 5, 11, 109
Let o(c) = 979*c**3 - 7*c + 13. What are the prime factors of o(2)?
41, 191
Let g be (0 - 4/(-2)) + 1. Suppose g*y - 7 - 2 = 0. Suppose -376 = -y*k - k. List the prime factors of k.
2, 47
Suppose 2429 = -18*w + 12239. Let b = w + 84. List the prime factors of b.
17, 37
Let g(u) = -u**3 - 4*u**2 - 15*u - 31. Suppose -22 = 6*w - 3*w + z, w + 3*z = -2. List the prime factors of g(w).
3, 5, 23
Let h(d) = 3*d**2 + d + 11. Let r be h(5). Let g = r + 241. What are the prime factors of g?
2, 83
List the prime factors of (-114457)/(-11) - (7 - (-75)/(-11)).
5, 2081
Let c(f) be the second derivative of f**4/12 - 11*f**3/6 + 57*f**2/2 - 73*f. List the prime factors of c(14).
3, 11
Let h be (-113)/(-3) - (-2)/(-3). Let w = 44 - h. What are the prime factors of (w/(-14))/(1/(-62))?
31
Suppose -63*j - 63*j + 117*j + 83457 = 0. List the prime factors of j.
3, 11, 281
Let a(i) be the third derivative of -5*i**4/24 - 14*i**3/3 - i**2. Suppose 4*t = 4*b - 48, -3*b - 71 - 13 = 5*t. What are the prime factors of a(t)?
47
List the prime factors of (-4)/(4*(-14)/269570).
5, 3851
Suppose -95 = -13*o + 48. Suppose -9 - 2 = -o*z. What are the prime factors of 3/z*-3*444/(-54)?
2, 37
Suppose 456 = -13*a + 10*a. Suppose 5*b = -2*y + 1817, -y - 1099 = -4*b + b. Let m = a + b. What are the prime factors of m?
3, 71
Let a(o) be the first derivative of -26*o**4 - 2*o**3/3 - o**2 - o + 3. Suppose 7*i + 7869 = 7862. List the prime factors of a(i).
103
Let u = 88 + -79. Suppose u*a - 5 - 22 = 0. Suppose -j + 411 = 4*q, a*j + 300 = 3*q + j. List the prime factors of q.
2, 3, 17
Let q be 1*-6*3/6. L